{"id":87,"date":"2021-12-11T15:53:48","date_gmt":"2021-12-11T14:53:48","guid":{"rendered":"https:\/\/mercier-eloge-zolo.com\/?page_id=87"},"modified":"2026-02-01T09:43:24","modified_gmt":"2026-02-01T09:43:24","slug":"biographie","status":"publish","type":"page","link":"https:\/\/mercier-eloge-zolo.com\/index.php\/biographie\/","title":{"rendered":"Biographie"},"content":{"rendered":"\t\t<div data-elementor-type=\"wp-page\" data-elementor-id=\"87\" class=\"elementor elementor-87\">\n\t\t\t\t\t\t<section class=\"elementor-section elementor-top-section elementor-element elementor-element-2372b3b9 elementor-section-boxed elementor-section-height-default elementor-section-height-default\" data-id=\"2372b3b9\" data-element_type=\"section\" data-e-type=\"section\">\n\t\t\t\t\t\t<div class=\"elementor-container elementor-column-gap-default\">\n\t\t\t\t\t<div class=\"elementor-column elementor-col-100 elementor-top-column elementor-element elementor-element-5878750a\" data-id=\"5878750a\" data-element_type=\"column\" data-e-type=\"column\">\n\t\t\t<div class=\"elementor-widget-wrap elementor-element-populated\">\n\t\t\t\t\t\t<div class=\"elementor-element elementor-element-3a5761fa elementor-widget elementor-widget-text-editor\" data-id=\"3a5761fa\" data-element_type=\"widget\" data-e-type=\"widget\" data-widget_type=\"text-editor.default\">\n\t\t\t\t<div class=\"elementor-widget-container\">\n\t\t\t\t\t\t\t\t\t<h2><em>Biographie<\/em><\/h2>\n<p><!-- \/wp:heading --><\/p>\n<p><!-- wp:media-text {\"mediaId\":342,\"mediaLink\":\"https:\/\/mercier-eloge-zolo.com\/index.php\/biographie\/eloge-6\/\",\"mediaType\":\"image\",\"mediaWidth\":43,\"verticalAlignment\":\"center\"} --><\/p>\n<figure><img fetchpriority=\"high\" decoding=\"async\" class=\"wp-image-723 size-medium alignleft\" src=\"https:\/\/mercier-eloge-zolo.com\/wp-content\/uploads\/2025\/02\/eloge-300x200.jpg\" alt=\"\" width=\"300\" height=\"200\" srcset=\"https:\/\/mercier-eloge-zolo.com\/wp-content\/uploads\/2025\/02\/eloge-300x200.jpg 300w, https:\/\/mercier-eloge-zolo.com\/wp-content\/uploads\/2025\/02\/eloge-1024x683.jpg 1024w, https:\/\/mercier-eloge-zolo.com\/wp-content\/uploads\/2025\/02\/eloge-768x512.jpg 768w, https:\/\/mercier-eloge-zolo.com\/wp-content\/uploads\/2025\/02\/eloge.jpg 1080w\" sizes=\"(max-width: 300px) 100vw, 300px\" \/><\/figure>\n<div style=\"grid-template-columns: 43% auto;\">\n<p><strong>Mercier \u00c9loge ZOLO<\/strong> (M.E.Z) est un jeune entrepreneur de nationalit\u00e9 centrafricaine \u00e9voluant dans le domaine des technologies de l\u2019information et de la communication (TIC). Titulaire d\u2019un Master en G\u00e9nie Logiciel et Administration des Bases de Donn\u00e9es, il est n\u00e9 le 23 mai 1994 \u00e0 Bangui, en R\u00e9publique Centrafricaine, et est originaire de la pr\u00e9fecture de la Mbomou. Fils de Monsieur ZOLO Jean-Marie et de Madame BESSEDE-NDINGAMA Jos\u00e9phine, Mercier \u00c9loge ZOLO exerce en tant que travailleur ind\u00e9pendant. Il est le fondateur de l\u2019entreprise informatique <a href=\"https:\/\/soft-global-services.com\/\">Soft-Global Services<\/a> et le promoteur de la plateforme d\u2019information <a href=\"https:\/\/beafrikalife.com\/\"><strong>B\u00e9afrika Life TV<\/strong><\/a>. Par ailleurs, il assume la fonction de Pr\u00e9sident du Collectif des Entrepreneurs Centrafricains (C.E.C). Engag\u00e9 dans l\u2019entrepreneuriat depuis 2017, il \u0153uvre activement au d\u00e9veloppement du secteur num\u00e9rique et \u00e0 la promotion de l\u2019innovation.<\/p>\n<\/div>\n<p><!-- \/wp:media-text --><\/p>\n<p><!-- wp:heading --><\/p>\n<h2><strong><em>Cursus Acad\u00e9mique<\/em><\/strong><\/h2>\n<p><!-- \/wp:heading --><\/p>\n<p><!-- wp:paragraph --><\/p>\n<p><strong>1999 &#8211; 2005<\/strong> :\u00a0il a\u00a0fr\u00e9quent\u00e9 l&rsquo;\u00e9cole 36 ville dont il a eut son\u00a0 Certificat d&rsquo;\u00c9tude Primaire\u00a0(RCA);<br \/><strong>2005 &#8211; 2012<\/strong> :\u00a0il poursuit ses \u00e9tudes\u00a0au lyc\u00e9e\u00a0d&rsquo;application de l&rsquo;\u00e9cole normal sup\u00e9rieure\u00a0de Bangui\u00a0(LAENS) dont il a eut le Brevet\u00a0de Coll\u00e8ge\u00a0et le BAC s\u00e9rie D\u00a0(RCA);<br \/><strong>2012- 2015<\/strong> :\u00a0il suit des \u00e9tudes en physique chimie\u00a0\u00e0 l&rsquo;universit\u00e9 de Bangui en Facult\u00e9 des Sciences (FS) il obtient un\u00a0DUT en physique chimie (RCA);<br \/><strong>2015 &#8211; 2020<\/strong> : il obtient une Licence en\u00a0 Informatique de Gestion et un Master en G\u00e9nie Logiciel et Administration des bases de donn\u00e9es \u00e0 l&rsquo;institut CERCO Burkina (BURKINA FASO);<\/p>\n<p><!-- \/wp:paragraph --><\/p>\n<p><!-- wp:heading --><\/p>\n<h2><em>Exp\u00e9riences Professionnelle et Associative <\/em><\/h2>\n<p><!-- \/wp:heading --><\/p>\n<p><!-- wp:list --><\/p>\n<ul>\n<li><strong>Ao\u00fbt 2021 &#8211; Aujourd&rsquo;hui <\/strong>: Pr\u00e9sident du Collectif des Entrepreneurs Centrafricaines (<a href=\"https:\/\/www.facebook.com\/CEC236\/\">CEC<\/a>)<\/li>\n<li><strong>Mars 2017<\/strong>\u00a0&#8211; <strong>Aujourd&rsquo;hui <\/strong>: Directeur G\u00e9n\u00e9ral du <a href=\"https:\/\/soft-global-services.com\/\"><strong>Soft-Global Services<\/strong><\/a><\/li>\n<li><strong>Mars 2023 &#8211; D\u00e9cembre 2026 :<\/strong> Pr\u00e9sident du D\u00e9membrement de l&rsquo;Autorit\u00e9 Nationale des Elections de la RCA au Burkina Faso<\/li>\n<li><strong>Octobre 2024 &#8211; Ao\u00fbt 2025 : <\/strong>Pr\u00e9sident de la Communaut\u00e9 Centrafricaine du Burkina Faso (<a href=\"https:\/\/www.facebook.com\/CCABF236\/\">CCABF<\/a>)<\/li>\n<li><strong>Janvier 2022 &#8211; Mars 2022<\/strong> : Consultant Formateur \u00e0 <a href=\"https:\/\/www.facebook.com\/p\/Arobate-100078223665367\/\"><strong>AROBATE<\/strong><\/a>\u00a0\u00a0<\/li>\n<li><strong>Janvier 2021<\/strong> &#8211; <strong>Janvier<\/strong> <b>2023<\/b> :\u00a0 Pr\u00e9sident de l&rsquo;Association des R\u00e9fugi\u00e9s r\u00e9sidant au Burkina Faso<\/li>\n<li><strong>Octobre 2021 &#8211; F\u00e9vrier 2022<\/strong> : Enseignant vacataire \u00e0 l&rsquo;institut <a href=\"https:\/\/www.facebook.com\/ciapees\/?locale=fr_FR\">CIAPEES<\/a> (Burkina Faso)<\/li>\n<li><strong>Octobre 2020 &#8211; Juin 2021<\/strong> : Enseignant vacataire \u00e0 l&rsquo;institut <a href=\"https:\/\/groupecerco.com\/\">CERCO<\/a> Burkina<\/li>\n<li><strong>Janvier 2019<\/strong> &#8211; <strong>D\u00e9cembre 2020<\/strong> : Consultant en informatique dans l&rsquo;entreprise<a href=\"https:\/\/www.africaetudes.com\/\"> Africa-Etudes <\/a><\/li>\n<li><strong>Juillet 2018 &#8211; D\u00e9cembre 2018 <\/strong>: Stagiaire \u00e0 la caisse autonome de retraite des fonctionnaires au Burkina Faso (<a href=\"https:\/\/carfo.org\/\">CARFO<\/a>)<\/li>\n<\/ul>\n<p><!-- \/wp:list --><\/p>\t\t\t\t\t\t\t\t<\/div>\n\t\t\t\t<\/div>\n\t\t\t\t\t<\/div>\n\t\t<\/div>\n\t\t\t\t\t<\/div>\n\t\t<\/section>\n\t\t\t\t<section class=\"elementor-section elementor-top-section elementor-element elementor-element-0dab474 elementor-section-boxed elementor-section-height-default elementor-section-height-default\" data-id=\"0dab474\" data-element_type=\"section\" data-e-type=\"section\">\n\t\t\t\t\t\t<div class=\"elementor-container elementor-column-gap-default\">\n\t\t\t\t\t<div class=\"elementor-column elementor-col-100 elementor-top-column elementor-element elementor-element-1da826f\" data-id=\"1da826f\" data-element_type=\"column\" data-e-type=\"column\">\n\t\t\t<div class=\"elementor-widget-wrap elementor-element-populated\">\n\t\t\t\t\t\t<div class=\"elementor-element elementor-element-8448532 elementor-widget elementor-widget-video\" data-id=\"8448532\" data-element_type=\"widget\" data-e-type=\"widget\" data-settings=\"{&quot;youtube_url&quot;:&quot;https:\\\/\\\/youtu.be\\\/SuMcOV-ei8M&quot;,&quot;video_type&quot;:&quot;youtube&quot;,&quot;controls&quot;:&quot;yes&quot;}\" data-widget_type=\"video.default\">\n\t\t\t\t<div class=\"elementor-widget-container\">\n\t\t\t\t\t\t\t<div class=\"elementor-wrapper elementor-open-inline\">\n\t\t\t<div class=\"elementor-video\"><\/div>\t\t<\/div>\n\t\t\t\t\t\t<\/div>\n\t\t\t\t<\/div>\n\t\t\t\t\t<\/div>\n\t\t<\/div>\n\t\t\t\t\t<\/div>\n\t\t<\/section>\n\t\t\t\t<\/div>\n\t\t<!-- AddThis Advanced Settings generic via filter on the_content --><!-- AddThis Share Buttons generic via filter on the_content -->","protected":false},"excerpt":{"rendered":"<p>Biographie Mercier \u00c9loge ZOLO (M.E.Z) est un jeune entrepreneur de nationalit\u00e9 centrafricaine \u00e9voluant dans le domaine des technologies de l\u2019information et de la communication (TIC). Titulaire d\u2019un Master en G\u00e9nie Logiciel et Administration des Bases de Donn\u00e9es, il est n\u00e9 le 23 mai 1994 \u00e0 Bangui, en R\u00e9publique Centrafricaine, et est originaire de la pr\u00e9fecture [&hellip;]<!-- AddThis Advanced Settings generic via filter on get_the_excerpt --><!-- AddThis Share Buttons generic via filter on get_the_excerpt --><\/p>\n","protected":false},"author":1,"featured_media":0,"parent":0,"menu_order":0,"comment_status":"closed","ping_status":"closed","template":"","meta":{"om_disable_all_campaigns":false,"_monsterinsights_skip_tracking":false,"_monsterinsights_sitenote_active":false,"_monsterinsights_sitenote_note":"","_monsterinsights_sitenote_category":0,"footnotes":""},"class_list":["post-87","page","type-page","status-publish","hentry"],"_links":{"self":[{"href":"https:\/\/mercier-eloge-zolo.com\/index.php\/wp-json\/wp\/v2\/pages\/87","targetHints":{"allow":["GET"]}}],"collection":[{"href":"https:\/\/mercier-eloge-zolo.com\/index.php\/wp-json\/wp\/v2\/pages"}],"about":[{"href":"https:\/\/mercier-eloge-zolo.com\/index.php\/wp-json\/wp\/v2\/types\/page"}],"author":[{"embeddable":true,"href":"https:\/\/mercier-eloge-zolo.com\/index.php\/wp-json\/wp\/v2\/users\/1"}],"replies":[{"embeddable":true,"href":"https:\/\/mercier-eloge-zolo.com\/index.php\/wp-json\/wp\/v2\/comments?post=87"}],"version-history":[{"count":87,"href":"https:\/\/mercier-eloge-zolo.com\/index.php\/wp-json\/wp\/v2\/pages\/87\/revisions"}],"predecessor-version":[{"id":832,"href":"https:\/\/mercier-eloge-zolo.com\/index.php\/wp-json\/wp\/v2\/pages\/87\/revisions\/832"}],"wp:attachment":[{"href":"https:\/\/mercier-eloge-zolo.com\/index.php\/wp-json\/wp\/v2\/media?parent=87"}],"curies":[{"name":"wp","href":"https:\/\/api.w.org\/{rel}","templated":true}]}}

<div data-elementor-type="wp-page" data-elementor-id="87" class="elementor elementor-87">
						<section class="elementor-section elementor-top-section elementor-element elementor-element-2372b3b9 elementor-section-boxed elementor-section-height-default elementor-section-height-default" data-id="2372b3b9" data-element_type="section" data-e-type="section">
						<div class="elementor-container elementor-column-gap-default">
					<div class="elementor-column elementor-col-100 elementor-top-column elementor-element elementor-element-5878750a" data-id="5878750a" data-element_type="column" data-e-type="column">
			<div class="elementor-widget-wrap elementor-element-populated">
						<div class="elementor-element elementor-element-3a5761fa elementor-widget elementor-widget-text-editor" data-id="3a5761fa" data-element_type="widget" data-e-type="widget" data-widget_type="text-editor.default">
				<div class="elementor-widget-container">
									<h2><em>Biographie</em></h2>
<p><!-- /wp:heading --></p>
<p><!-- wp:media-text {"mediaId":342,"mediaLink":"https://mercier-eloge-zolo.com/index.php/biographie/eloge-6/","mediaType":"image","mediaWidth":43,"verticalAlignment":"center"} --></p>
<figure><img fetchpriority="high" decoding="async" class="wp-image-723 size-medium alignleft" src="https://mercier-eloge-zolo.com/wp-content/uploads/2025/02/eloge-300x200.jpg" alt="" width="300" height="200" srcset="https://mercier-eloge-zolo.com/wp-content/uploads/2025/02/eloge-300x200.jpg 300w, https://mercier-eloge-zolo.com/wp-content/uploads/2025/02/eloge-1024x683.jpg 1024w, https://mercier-eloge-zolo.com/wp-content/uploads/2025/02/eloge-768x512.jpg 768w, https://mercier-eloge-zolo.com/wp-content/uploads/2025/02/eloge.jpg 1080w" sizes="(max-width: 300px) 100vw, 300px" /></figure>
<div style="grid-template-columns: 43% auto;">
<p><strong>Mercier Éloge ZOLO</strong> (M.E.Z) est un jeune entrepreneur de nationalité centrafricaine évoluant dans le domaine des technologies de l’information et de la communication (TIC). Titulaire d’un Master en Génie Logiciel et Administration des Bases de Données, il est né le 23 mai 1994 à Bangui, en République Centrafricaine, et est originaire de la préfecture de la Mbomou. Fils de Monsieur ZOLO Jean-Marie et de Madame BESSEDE-NDINGAMA Joséphine, Mercier Éloge ZOLO exerce en tant que travailleur indépendant. Il est le fondateur de l’entreprise informatique <a href="https://soft-global-services.com/">Soft-Global Services</a> et le promoteur de la plateforme d’information <a href="https://beafrikalife.com/"><strong>Béafrika Life TV</strong></a>. Par ailleurs, il assume la fonction de Président du Collectif des Entrepreneurs Centrafricains (C.E.C). Engagé dans l’entrepreneuriat depuis 2017, il œuvre activement au développement du secteur numérique et à la promotion de l’innovation.</p>
</div>
<p><!-- /wp:media-text --></p>
<p><!-- wp:heading --></p>
<h2><strong><em>Cursus Académique</em></strong></h2>
<p><!-- /wp:heading --></p>
<p><!-- wp:paragraph --></p>
<p><strong>1999 &#8211; 2005</strong> : il a fréquenté l&rsquo;école 36 ville dont il a eut son  Certificat d&rsquo;Étude Primaire (RCA);<br /><strong>2005 &#8211; 2012</strong> : il poursuit ses études au lycée d&rsquo;application de l&rsquo;école normal supérieure de Bangui (LAENS) dont il a eut le Brevet de Collège et le BAC série D (RCA);<br /><strong>2012- 2015</strong> : il suit des études en physique chimie à l&rsquo;université de Bangui en Faculté des Sciences (FS) il obtient un DUT en physique chimie (RCA);<br /><strong>2015 &#8211; 2020</strong> : il obtient une Licence en  Informatique de Gestion et un Master en Génie Logiciel et Administration des bases de données à l&rsquo;institut CERCO Burkina (BURKINA FASO);</p>
<p><!-- /wp:paragraph --></p>
<p><!-- wp:heading --></p>
<h2><em>Expériences Professionnelle et Associative </em></h2>
<p><!-- /wp:heading --></p>
<p><!-- wp:list --></p>
<ul>
<li><strong>Août 2021 &#8211; Aujourd&rsquo;hui </strong>: Président du Collectif des Entrepreneurs Centrafricaines (<a href="https://www.facebook.com/CEC236/">CEC</a>)</li>
<li><strong>Mars 2017</strong> &#8211; <strong>Aujourd&rsquo;hui </strong>: Directeur Général du <a href="https://soft-global-services.com/"><strong>Soft-Global Services</strong></a></li>
<li><strong>Mars 2023 &#8211; Décembre 2026 :</strong> Président du Démembrement de l&rsquo;Autorité Nationale des Elections de la RCA au Burkina Faso</li>
<li><strong>Octobre 2024 &#8211; Août 2025 : </strong>Président de la Communauté Centrafricaine du Burkina Faso (<a href="https://www.facebook.com/CCABF236/">CCABF</a>)</li>
<li><strong>Janvier 2022 &#8211; Mars 2022</strong> : Consultant Formateur à <a href="https://www.facebook.com/p/Arobate-100078223665367/"><strong>AROBATE</strong></a>  </li>
<li><strong>Janvier 2021</strong> &#8211; <strong>Janvier</strong> <b>2023</b> :  Président de l&rsquo;Association des Réfugiés résidant au Burkina Faso</li>
<li><strong>Octobre 2021 &#8211; Février 2022</strong> : Enseignant vacataire à l&rsquo;institut <a href="https://www.facebook.com/ciapees/?locale=fr_FR">CIAPEES</a> (Burkina Faso)</li>
<li><strong>Octobre 2020 &#8211; Juin 2021</strong> : Enseignant vacataire à l&rsquo;institut <a href="https://groupecerco.com/">CERCO</a> Burkina</li>
<li><strong>Janvier 2019</strong> &#8211; <strong>Décembre 2020</strong> : Consultant en informatique dans l&rsquo;entreprise<a href="https://www.africaetudes.com/"> Africa-Etudes </a></li>
<li><strong>Juillet 2018 &#8211; Décembre 2018 </strong>: Stagiaire à la caisse autonome de retraite des fonctionnaires au Burkina Faso (<a href="https://carfo.org/">CARFO</a>)</li>
</ul>
<p><!-- /wp:list --></p>								</div>
				</div>
					</div>
		</div>
					</div>
		</section>
				<section class="elementor-section elementor-top-section elementor-element elementor-element-0dab474 elementor-section-boxed elementor-section-height-default elementor-section-height-default" data-id="0dab474" data-element_type="section" data-e-type="section">
						<div class="elementor-container elementor-column-gap-default">
					<div class="elementor-column elementor-col-100 elementor-top-column elementor-element elementor-element-1da826f" data-id="1da826f" data-element_type="column" data-e-type="column">
			<div class="elementor-widget-wrap elementor-element-populated">
						<div class="elementor-element elementor-element-8448532 elementor-widget elementor-widget-video" data-id="8448532" data-element_type="widget" data-e-type="widget" data-settings="{&quot;youtube_url&quot;:&quot;https:\/\/youtu.be\/SuMcOV-ei8M&quot;,&quot;video_type&quot;:&quot;youtube&quot;,&quot;controls&quot;:&quot;yes&quot;}" data-widget_type="video.default">
				<div class="elementor-widget-container">
							<div class="elementor-wrapper elementor-open-inline">
			<div class="elementor-video"></div>		</div>
						</div>
				</div>
					</div>
		</div>
					</div>
		</section>
				</div>
		<!-- AddThis Advanced Settings generic via filter on the_content --><!-- AddThis Share Buttons generic via filter on the_content -->

<p>Biographie Mercier Éloge ZOLO (M.E.Z) est un jeune entrepreneur de nationalité centrafricaine évoluant dans le domaine des technologies de l’information et de la communication (TIC). Titulaire d’un Master en Génie Logiciel et Administration des Bases de Données, il est né le 23 mai 1994 à Bangui, en République Centrafricaine, et est originaire de la préfecture [&hellip;]<!-- AddThis Advanced Settings generic via filter on get_the_excerpt --><!-- AddThis Share Buttons generic via filter on get_the_excerpt --></p>
